= -25*q + 343. Let b be k(8). What is the highest common divisor of 22 and b?
11
Suppose l = -7*l - 16. Let b be 5/(-10) + (-121)/l. Calculate the highest common factor of b and 20.
20
Let r(l) = 17*l**2 + 47*l - 2. Let q be r(-3). Let i = -50 - -140. Calculate the greatest common divisor of q and i.
10
Let g = -134 - -223. Let q = g + -35. What is the greatest common divisor of q and 72?
18
Let c = 88 - 69. Let q = 376 + -189. Let v = q - 92. Calculate the greatest common factor of c and v.
19
Let s = -156 - -162. Let o(t) = 7*t**2 + 3*t + 2. Let f be o(-2). Let l = f - 6. What is the greatest common divisor of s and l?
6
Let u be -3 + (-9)/(-2) - 3315/(-30). What is the greatest common divisor of 140 and u?
28
Let n = -64 - -78. Calculate the greatest common divisor of n and 350.
14
Let b = -269 - -286. Calculate the highest common divisor of b and 4.
1
Let j = 79 + 46. What is the greatest common factor of j and 5?
5
Let j(l) = l - 3. Let a be j(6). Suppose 6*g - 2*g = -a*z + 75, -3*z - 114 = -5*g. Calculate the highest common factor of 7 and g.
7
Let o(g) = 2*g**2 - g - 8. Let l be o(7). Suppose 0 = -3*n - 12, 0*c + 5*n = 3*c - l. Calculate the highest common divisor of c and 7.
7
Let t(g) = g**2 + 4*g + 3. Let b(s) = 2*s**3 + 6*s**2 + 2*s - 1. Let a be b(-2). Let n be t(a). What is the greatest common factor of 36 and n?
12
Let d be 153/(-306) - (-3)/2. Calculate the greatest common divisor of d and 29.
1
Suppose -5*w = 4*b - b - 280, 280 = 5*w - 4*b. Calculate the highest common divisor of w and 49.
7
Let b be (-1555)/70*-2 + (-3)/7. What is the highest common divisor of 33 and b?
11
Let p = 63 - 41. Let d be (-2)/7 - 79/(-7). What is the greatest common factor of p and d?
11
Let t be 7 - -202*(-2)/(-4). Calculate the greatest common factor of 48 and t.
12
Let f = 134 - 126. Calculate the greatest common factor of 248 and f.
8
Suppose 0 = u - 6*u + 105. Let d(y) = -2*y**3 + 13*y**2 + 2*y - 6. Let b be d(6). What is the greatest common factor of b and u?
21
Suppose -g = 3*x - 147, g = 5*x - 19 + 190. Let t = 97 + g. What is the greatest common factor of 23 and t?
23
Suppose -5*f = -244 - 381. Calculate the highest common factor of 225 and f.
25
Let b be (-4)/(3/(-42)*(-2 + 3)). Let g(n) = -n**2 - n**3 + 4*n**3 + 3 - 5*n - 2*n**3 + 1. Let i be g(3). What is the highest common divisor of b and i?
7
Suppose -w - 26*w = -5805. What is the greatest common factor of w and 129?
43
Suppose -2*w + 1887 = 5*x, -2*x - 3781 = -4*w - 5*x. Calculate the highest common divisor of w and 22.
22
Suppose -30*b = -27*b - 144. Let t = -34 - -66. What is the greatest common divisor of t and b?
16
Let r be (15 + -1)*1*109 - -2. Suppose 2*u = 3*l - r, 0*l + 2*l - 3*u = 1017. What is the highest common divisor of l and 51?
51
Let g(b) = -2*b**2 + 52*b - 15. Let w be g(24). Calculate the greatest common factor of w and 9.
9
Suppose -v + 5*j - 3 = 0, 4*j - 16 = -2*v + 3*j. What is the greatest common divisor of 28 and v?
7
Let f(k) = 3*k - 1 - 4*k - k - k**3. Suppose -t = -3*p - 2*p - 23, 3*t = 4*p + 14. Let v be f(t). What is the highest common factor of v and 99?
11
Suppose 0*x - 4*x + 168 = 0. Calculate the highest common divisor of 84 and x.
42
Let u(l) = l**2 - 22*l + 97. Let a be u(19). What is the greatest common factor of a and 90?
10
Let s(u) = -u**3 + 11*u**2 - 8*u + 15. Let v be s(10). Let d be (-52)/(-14) + 10/v. Suppose 2*n - 2 = 6. What is the greatest common factor of d and n?
4
Let l = 1964 - 789. What is the greatest common factor of l and 47?
47
Suppose 0 = 5*t - l - 3*l - 112, -15 = 5*l. Let g = -2683 + 2783. What is the highest common divisor of g and t?
20
Let j = 393 - -42. What is the highest common divisor of j and 58?
29
Let a be (24/30)/(171/(-165) - -1). Let y be (a/(-3))/((-40)/12 - -4). Calculate the highest common divisor of 11 and y.
11
Let n(u) = u**2 + 29*u - 329. Let a be n(9). Calculate the highest common divisor of a and 9.
1
Let x be (1 + 295)/(-9 + (21 - 10)). Suppose -15 = -2*d + 59. Calculate the highest common divisor of d and x.
37
Suppose 0 = -2*y + 397 - 7. Suppose 0*g + 3*h = 5*g - y, -3*g + 5*h + 117 = 0. Calculate the greatest common factor of g and 13.
13
Let i = 442 + -286. Calculate the highest common factor of 39 and i.
39
Let d(n) = n**3 - 6*n**2 + n - 6. Suppose 4*h + 1 - 25 = 0. Let q be d(h). Suppose c - 8 - 20 = q. What is the greatest common divisor of c and 70?
14
Let k be 18 + 13 + -32 + 1311 + -1. What is the highest common divisor of 77 and k?
77
Let p(f) = f**2 + 9*f + 20. Let s be p(-6). Suppose -s*b - 7 = -17. Suppose g + 2*g - 120 = 0. Calculate the greatest common divisor of b and g.
5
Suppose 5*w + 4*y - 12279 = -4469, 0 = -4*w - y + 6237. Calculate the greatest common factor of 41 and w.
41
Let m = 323 - 304. What is the greatest common divisor of 190 and m?
19
Let y(w) = 3*w**2 + 12*w - 27. Let p be y(6). Calculate the highest common divisor of p and 408.
51
Let h = -42 - -112. Let z(g) = 18*g**3. Let p be z(-1). Let a = -4 - p. Calculate the greatest common factor of h and a.
14
Let k = -25 + 15. Let t be 450/(-36)*24/k. Calculate the greatest common factor of 12 and t.
6
Suppose 3*x + 5 = -2*x. Let t be 3/6*(-5 + 3). Let u be x*-4*2 - t. Calculate the highest common factor of 36 and u.
9
Let b be 5/10*22*22 + 5. Calculate the highest common divisor of 209 and b.
19
Suppose 4*g = 2*g + 26. Let s = g - -14. Calculate the highest common factor of s and 189.
27
Let i = 2601 + -2501. Let o = -95 - -135. What is the highest common factor of o and i?
20
Suppose 4*k - 4*g + 20 = 0, -5*k - 3*g - 2 = -17. Suppose -3*t - 3*c + 609 = k, 5*t - 103 = c + 894. What is the highest common divisor of t and 25?
25
Suppose -18*k + 1028 = -4120. What is the greatest common divisor of k and 110?
22
Suppose -15 = -3*n + 4*m, -n + m + 10 = -2*m. Let v = -83 + 88. Calculate the highest common factor of n and v.
1
Suppose -3*g + 15 = 2*g. Suppose -4*r = r - 4*u - 49, -4*r - g*u + 33 = 0. What is the greatest common divisor of 27 and r?
9
Let g(o) = 2*o**3 + 3*o**2 - 2*o - 2. Let h be g(2). Let y = 3756 + -3701. Calculate the greatest common divisor of h and y.
11
Let u = -2373 - -2419. Calculate the highest common divisor of u and 69.
23
Let o = 361 + -355. Calculate the greatest common divisor of o and 6.
6
Let v(b) = -b**2 - 10*b. Let f be v(-12). Let k = -10 - f. What is the greatest common factor of k and 7?
7
Let b(x) = -x + 3. Let t be b(-5). Let a be ((-24)/14)/((-4)/14). Let n be (2 - 0)*3/a. Calculate the highest common divisor of t and n.
1
Let h = -53 - -140. Let d = -57 + h. What is the highest common divisor of 270 and d?
30
Suppose -1 = -2*u + 13. Let d = -176 - -255. Let v = -2 + d. What is the greatest common divisor of u and v?
7
Suppose 25*j + 480 = 41*j. Calculate the greatest common factor of 135 and j.
15
Let f = -417 + 516. What is the greatest common factor of 33 and f?
33
Let y = 342 - 174. Calculate the highest common factor of y and 24.
24
Let x(y) be the first derivative of -y**3/3 - 6*y**2 + 16*y - 16. Let z be x(-10). Calculate the greatest common factor of z and 60.
12
Let a be 2/(-3) + -8*78/(-72). What is the highest common factor of a and 104?
8
Let o(l) = 18*l + 12. Let w be o(2). Suppose i - 4*r - w = -2*r, 4*i - r - 157 = 0. What is the greatest common divisor of i and 19?
19
Let u = -324 + 779. Suppose 6*z + q = 9*z - 273, u = 5*z - 2*q. What is the highest common factor of z and 13?
13
Let h be (-3)/4 - 123/(-4). Suppose n - 66 = h. Suppose 4*s - 34 + 11 = 5*j, 2*s - 3*j - 9 = 0. Calculate the greatest common factor of s and n.
12
Let y be ((-2)/(-3))/((0 + 1)/252). Calculate the highest common divisor of 210 and y.
42
Let c = -110 + 165. Suppose -2*h + 17*h - 165 = 0. Calculate the greatest common factor of c and h.
11
Suppose 5*l + f = l + 138, 2*l - 76 = 3*f. Let q(r) = -3*r - 4. Suppose 0*h = 2*h + 12. Let o be q(h). Calculate the highest common factor of o and l.
7
Let i(m) = 11*m - 2. Let x be i(-2). Let c = x + 41. Calculate the greatest common divisor of c and 119.
17
Suppose -3*w - 4*u = -94, w - 4*u - 10 = -0*u. What is the greatest common divisor of w and 130?
26
Suppose 5*v = -4*g + 246, 8*g = 4*v + 10*g - 198. Calculate the highest common divisor of v and 75.
25
Let